3
What are the prime factors of 496323?
3, 55147
List the prime factors of 63735.
3, 5, 7, 607
List the prime factors of 14774998.
2, 7, 389, 2713
List the prime factors of 135787.
135787
What are the prime factors of 12313960?
2, 5, 211, 1459
What are the prime factors of 11695082?
2, 7, 17, 49139
List the prime factors of 1381618.
2, 7, 29, 41, 83
What are the prime factors of 7967710?
2, 5, 733, 1087
What are the prime factors of 3124758?
2, 3, 7, 13, 59, 97
List the prime factors of 444216.
2, 3, 83, 223
What are the prime factors of 4417687?
853, 5179
What are the prime factors of 179301?
3, 59, 1013
What are the prime factors of 3167635?
5, 233, 2719
What are the prime factors of 14007875?
5, 7, 2287
What are the prime factors of 532012?
2, 13, 787
What are the prime factors of 2915905?
5, 583181
What are the prime factors of 494738?
2, 247369
What are the prime factors of 1630600?
2, 5, 31, 263
List the prime factors of 2245844.
2, 561461
What are the prime factors of 11333433?
3, 37, 102103
List the prime factors of 3094835.
5, 61, 73, 139
What are the prime factors of 214478?
2, 11, 9749
List the prime factors of 5895208.
2, 11, 31, 2161
List the prime factors of 21362966.
2, 29, 368327
What are the prime factors of 748578?
2, 3, 17, 41, 179
List the prime factors of 14437989.
3, 613, 2617
What are the prime factors of 296369?
296369
List the prime factors of 2808619.
11, 255329
List the prime factors of 15884266.
2, 19, 418007
What are the prime factors of 3715970?
2, 5, 31, 11987
List the prime factors of 33595276.
2, 11, 13, 58733
What are the prime factors of 12747808?
2, 398369
What are the prime factors of 9189530?
2, 5, 7, 43, 71
List the prime factors of 1060877.
593, 1789
What are the prime factors of 10307610?
2, 3, 5, 17, 6737
List the prime factors of 496016.
2, 29, 1069
What are the prime factors of 2296665?
3, 5, 7, 23, 317
What are the prime factors of 67656?
2, 3, 2819
List the prime factors of 154214.
2, 83, 929
List the prime factors of 135346.
2, 31, 37, 59
What are the prime factors of 961896?
2, 3, 13, 3083
List the prime factors of 512926.
2, 31, 8273
What are the prime factors of 1239843?
3, 11, 37571
List the prime factors of 969225.
3, 5, 12923
List the prime factors of 15918767.
29, 97, 5659
List the prime factors of 13518638.
2, 7, 17, 79, 719
List the prime factors of 1060347.
3, 571, 619
What are the prime factors of 13716871?
7, 43, 199, 229
What are the prime factors of 561267?
3, 7, 59, 151
List the prime factors of 96716.
2, 24179
List the prime factors of 455070.
2, 3, 5, 7, 11, 197
What are the prime factors of 16078?
2, 8039
List the prime factors of 28952.
2, 7, 11, 47
What are the prime factors of 278?
2, 139
What are the prime factors of 2011840?
2, 5, 6287
What are the prime factors of 1239594?
2, 3, 41, 5039
List the prime factors of 29827530.
2, 3, 5, 19, 17443
List the prime factors of 1410978.
2, 3, 19, 12377
List the prime factors of 1637367.
3, 545789
List the prime factors of 293511.
3, 227, 431
List the prime factors of 536432.
2, 13, 2579
What are the prime factors of 8688268?
2, 2172067
What are the prime factors of 224616?
2, 3, 7, 191
What are the prime factors of 210249?
3, 13, 599
What are the prime factors of 6298916?
2, 13, 29, 4177
What are the prime factors of 4205238?
2, 3, 73, 9601
List the prime factors of 12888609.
3, 59, 72817
List the prime factors of 2124554.
2, 31, 34267
What are the prime factors of 665785?
5, 133157
What are the prime factors of 4828643?
23, 149, 1409
List the prime factors of 342275.
5, 13691
List the prime factors of 85528.
2, 10691
List the prime factors of 51617.
71, 727
What are the prime factors of 233525?
5, 9341
What are the prime factors of 944677?
944677
List the prime factors of 332762.
2, 379, 439
What are the prime factors of 920436?
2, 3, 11, 19, 367
What are the prime factors of 3616776?
2, 3, 191, 263
What are the prime factors of 294105?
3, 5, 7, 2801
List the prime factors of 2438366.
2, 7, 174169
List the prime factors of 51736.
2, 29, 223
List the prime factors of 99450.
2, 3, 5, 13, 17
What are the prime factors of 4319695?
5, 29, 31
What are the prime factors of 6479764?
2, 1619941
List the prime factors of 6969221.
7, 41, 3469
What are the prime factors of 585778?
2, 173, 1693
List the prime factors of 907243.
59, 15377
List the prime factors of 1513639.
809, 1871
What are the prime factors of 847896?
2, 3, 7, 103
What are the prime factors of 914508?
2, 3, 7, 19, 191
What are the prime factors of 4749038?
2, 7, 127, 2671
What are the prime factors of 8326005?
3, 5, 17, 103, 317
What are the prime factors of 144993?
3, 17, 2843
What are the prime factors of 9166419?
3, 257, 1321
List the prime factors of 2640912.
2, 3, 37, 1487
List the prime factors of 4517339.
41, 239, 461
What are the prime factors of 6113265?
3, 5, 109, 3739
List the prime factors of 554914.
2, 17, 19, 859
List the prime factors of 1617667.
569, 2843
List the prime factors of 3202101.
3, 7, 53, 137
What are the prime factors of 251273?
11, 53, 431
List the prime factors of 8043028.
2, 7, 287251
What are the prime factors of 362535?
3, 5, 24169
What are the prime factors of 855441?
3, 59, 179
List the prime factors of 547824.
2, 3, 101, 113
What are the prime factors of 159468?
2, 3, 97, 137
What are the prime factors of 2787690?
2, 3, 5, 43, 2161
What are the prime factors of 20043?
3, 17, 131
List the prime factors of 26732.
2, 41, 163
What are the prime factors of 1260533?
17, 74149
What are the prime factors of 236048?
2, 14753
List the prime factors of 7437317.
1553, 4789
List the prime factors of 1124623.
787, 1429
List the prime factors of 1817701.
1817701
What are the prime factors of 17512799?
31, 79, 7151
What are the prime factors of 4431856?
2, 11, 13, 149
What are the prime factors of 1389129?
3, 7, 29, 2281
What are the prime factors of 217652?
2, 54413
What are the prime factors of 88813?
88813
List the prime factors of 16756848.
2, 3, 79, 491
What are the prime factors of 6050396?
2, 11, 199, 691
List the prime factors of 28982.
2, 43, 337
What are the prime factors of 56790?
2, 3, 5, 631
What are the prime factors of 19384?
2, 2423
What are the prime factors of 9628037?
9628037
List the prime factors of 388506.
2, 3, 73, 887
What are the prime factors of 3436579?
41, 79, 1061
List the prime factors of 3094226.
2, 19, 107, 761
List the prime factors of 391903.
391903
What are the prime factors of 1449391?
23, 29, 41, 53
What are the prime factors of 175635?
3, 5, 1301
What are the prime factors of 7886246?
2, 3943123
What are the prime factors of 423363?
3, 141121
List the prime factors of 6605465.
5, 1321093
List the prime factors of 254733.
3, 19, 41, 109
List the prime factors of 5687882.
2, 2843941
What are the prime factors of 5220167?
5220167
List the prime factors of 599900.
2, 5, 7, 857
What are the prime factors of 29798878?
2, 19, 784181
List the prime factors of 2890770.
2, 3, 5, 167, 577
What are the prime factors of 23358973?
11, 1187, 1789
What are the prime factors of 4625?
5, 37
What are the prime factors of 3618156?
2, 3, 29, 37, 281
List the prime factors of 1691092.
2, 13, 17, 1913
List the prime factors of 648658.
2, 324329
List the prime factors of 245663.
11, 23, 971
List the prime factors of 2242963.
17, 131939
List the prime factors of 25131924.
2, 3, 97, 2399
List the prime factors of 2797613.
7, 13, 71, 433
List the prime factors of 7463434.
2, 11, 339247
List the prime factors of 4186928.
2, 151, 1733
What are the prime factors of 442342?
2, 221171
What are the prime factors of 16215897?
3, 23, 235013
List the prime factors of 12511007.
12511007
List the prime factors of 23200063.
23200063
List the prime factors of 161535.
3, 5, 11, 89
What are the prime factors of 841339?
19, 44281
What are the prime factors of 322238?
2, 7, 23017
What are the prime factors of 522057?
3, 174019
List the prime factors of 1893218.
2, 467, 2027
List the prime factors of 3375644.
2, 843911
List the prime factors of 11255493.
3, 3751831
What are the prime factors of 4507203?
3, 1009, 1489
What are the prime factors of 1597524?
2, 3, 17, 41, 191
List the prime factors of 1104413.
19, 37, 1571
List the prime factors of 1784697.
3, 594